 j(q). Let c = s + 17. What is the remainder when 8 is divided by c?
3
Suppose -21 = 3*q - 3. Let f = q + 10. What is the remainder when 6 is divided by f?
2
Let t(j) = -2*j + 1. Let q be (4/6 - 1)*-15. Suppose -5*a + 30 = -q*v, -5*v - a + 12 = 36. What is the remainder when t(v) is divided by 6?
5
Suppose 3*h = 4*z - 103, 3*h = -4*z + 67 + 54. Suppose 6 + 19 = -5*q, -4*g - q + 439 = 0. Calculate the remainder when g is divided by z.
27
Let m = 64 - 24. Calculate the remainder when m is divided by 6.
4
Suppose 2*m + 70 = 5*g - 3*m, g - 4*m = 20. Suppose r - 2*r = -g. Calculate the remainder when 21 is divided by r.
9
Let j(n) = 2*n**2 - 4*n + 2. Let i be j(2). Suppose -3*m - 2*h = -68, 15 = -5*h + i*h. What is the remainder when m is divided by 9?
8
Calculate the remainder when ((-3 - (-2 - -1)) + 0)*-22 is divided by 16.
12
Let z be (-32)/5 - 4/(-10). Suppose 0 = -s - 3 + 26. Calculate the remainder when s is divided by 6/(-5)*40/z.
7
Suppose 4*l - 9*l = -2*a - 59, 0 = -4*l - a + 55. Suppose -20 = p - 69. What is the remainder when p is divided by l?
10
Let o = 11 + -6. What is the remainder when 17 is divided by o?
2
Let k(d) = 3*d**2 - 8*d + 5. Let w(z) = 14*z**2 + z - 1. Suppose -3*r + 1 = -2*r. What is the remainder when k(5) is divided by w(r)?
12
Suppose -x + 12 = 2*x. What is the remainder when (-10 - -16)/((-2)/(-3)) is divided by x?
1
Let i(j) = -j**3 - 4*j**2 - 3*j - 1. Let c be i(-3). Calculate the remainder when (-3)/(3/(-23)) - c is divided by (12/18)/(6/81 + 0).
6
Suppose 4*i = 308 + 384. Calculate the remainder when i is divided by 44.
41
Let v(n) = -n**3 - 5*n**2 + 2*n - 20. Let s = 8 + 2. What is the remainder when s is divided by v(-6)?
2
Let o(j) = -j + 1. Let v be o(3). Suppose -3*x + 5*y + 48 = 0, x - 5*y - 7 = 9. What is the remainder when x + 2 + 4/v is divided by 6?
4
Suppose -3*h = 20 - 80. Calculate the remainder when 57 is divided by h.
17
Let a(w) = -w**3 + 7*w**2 + 9*w + 5. Suppose 3*b - 18 = -4*z + 4*b, 5*b - 35 = -5*z. Calculate the remainder when a(8) is divided by z.
3
Suppose 3*t - x - 345 = 0, x = -2*t + 275 - 45. Let j = t - 76. Let w = 55 - j. What is the remainder when 30 is divided by w?
14
Suppose 0 = 4*p - 33 - 15. Calculate the remainder when 23 is divided by p.
11
Let v = 15 + 14. What is the remainder when v is divided by 10?
9
Suppose -5*p - p = -42. Suppose 0 = k - 4 - 1. Calculate the remainder when p is divided by k.
2
Suppose 3*q + 8 = 4*z - q, -z - q = 0. Let v(d) = 75*d**2 + 2*d - 1. What is the remainder when v(z) is divided by 26?
24
Let n = 8 + 7. What is the remainder when n is divided by 4?
3
Suppose 6*g = 7*g - 11. What is the remainder when 19 is divided by g?
8
Let i = 7 + -5. Calculate the remainder when (-7*(-2)/6)/((-1)/(-3)) is divided by i.
1
Let y = -35 + 55. Let i = 64 - 53. Calculate the remainder when y is divided by i.
9
Let g = 6 + 1. Let k(t) = -t**3 + 8*t**2 - 6*t - 4. Let b be k(7). Suppose -b*v - v + 80 = 0. What is the remainder when v is divided by g?
6
Suppose 2*j - 40 = -3*j - 5*v, 6 = -2*v. What is the remainder when 19 is divided by j?
8
Suppose -x = -1 - 10. What is the remainder when 54 is divided by x?
10
Suppose 0*s - 69 = -3*s + 2*y, 4*s - 2*y = 90. Calculate the remainder when 104 is divided by s.
20
Suppose 0 = 7*j - 2*j. Let k(m) = m**2 + m - 2. Let b be k(j). What is the remainder when 29 + 5 + (b - 1) is divided by 11?
9
Calculate the remainder when 47 is divided by 7 - (-6 + 3 - 0).
7
Let q = 6 - -6. What is the remainder when 34 is divided by q?
10
Let s = 16 + -6. Suppose y = 9 + 29. What is the remainder when y is divided by s?
8
Suppose -106 = 3*i + 2*o + 180, -2*i + 4*o = 196. Let h = -51 - i. What is the remainder when h is divided by 23?
22
Let o be (3 - -8) + -2 - -3. Let q(v) = v**3 - 11*v**2 - 11*v - 9. Calculate the remainder when 4 is divided by q(o).
1
Let m = -9 + 11. Suppose -3*z = m*z - 295. What is the remainder when z is divided by 20?
19
Let v = 10 - -1. Suppose 2*l - 5*l = 9. Let c = 1 - l. What is the remainder when v is divided by c?
3
Calculate the remainder when 12 is divided by 194/22 + (-12)/(-66).
3
Suppose 4*j = 1 - 5. Let g(t) = t**2 - 25*t + 117. What is the remainder when g(20) is divided by (j/(-2))/(2/24)?
5
Let j(z) = 3*z - 15. Let d be j(6). Suppose -2*q - 42 = -2*f, 4*q = -5*f - d + 126. Calculate the remainder when 89 is divided by f.
20
Let y(p) = 2*p**2 + 6 - p**3 + 3*p**2 - 7*p**2 + 8*p. Let r be y(-5). Suppose -r - 7 = -3*b. What is the remainder when b is divided by 6?
4
What is the remainder when ((-176)/(-10))/(6 + (-174)/30) is divided by 13?
10
Let a = 7 + -4. Suppose a*m = t + 41, -m - 3*t = 11 - 38. What is the remainder when 43 is divided by m?
13
Suppose -5*w + 116 = -4. Suppose 78 = 3*r + w. Calculate the remainder when r is divided by ((-42)/(-24))/((-1)/(-4)).
4
What is the remainder when ((-25)/(-2) + -3)*4 is divided by 7?
3
Let b = 10 + 8. Suppose -c + s = -3, -4*c + 9*c - s = 23. Calculate the remainder when b is divided by c.
3
Let t be ((-16)/(-10))/4*10. Let q be t/(-3)*(-15)/(-10). Calculate the remainder when 64 is divided by q/(-7) + (-152)/(-7).
20
Suppose -74 = -7*p + 66. What is the remainder when 39 is divided by p?
19
Let k(l) = -l**3 + 6*l**2 - 3*l - 4 - 2 - 4 + 3. What is the remainder when k(5) is divided by 3?
0
Let c = 5 - 3. Suppose -w + 7 = c. Let j(b) = -7*b - 1. What is the remainder when j(-2) is divided by w?
3
Suppose 5*b + 32 - 7 = 0, -r + 5*b + 25 = 0. Suppose 3*a - 5*i - 24 - 71 = 0, r = -2*a - i + 46. What is the remainder when a is divided by 13?
12
Suppose -h + 19 = -62. What is the remainder when h is divided by 28?
25
Let f = -2 + 4. Let k be ((-6)/(-4) - 3)*f. Calculate the remainder when 1/k - (-156)/9 is divided by 6.
5
Suppose 7*o - 4*o + 2*l - 34 = 0, -2*o - 5*l = -41. What is the remainder when o is divided by 3?
2
Let t(p) = -p + 7. Let v be t(5). Suppose v*j - 5 = -1. What is the remainder when j is divided by 2?
0
Let g(x) be the second derivative of -x**4/12 + 5*x**3/3 - x. Calculate the remainder when 16 is divided by g(9).
7
Calculate the remainder when 55 is divided by 0 + (-6)/4*2 + 31.
27
Suppose -3*h - 15 = -2*k, k + 2*h = -k + 10. What is the remainder when 11 is divided by k?
5
Let i(v) = v + 9. Let t be i(-7). Suppose 5*g = y - 3 - 2, 5*y = t*g + 48. Calculate the remainder when y is divided by 3.
1
Let k be ((-54)/(-30))/((-1)/(-15)). Suppose -g + k = -4*h, -6 + 0 = -2*h. Calculate the remainder when g is divided by 14.
11
Let n = 18 + -17. Calculate the remainder when 3 is divided by n.
0
Let l(f) = f**2 + 9*f + 6. Let p be 2/(-5) + (-196)/35. Let m be l(p). Calculate the remainder when 44 is divided by 10/(-3)*54/m.
14
Suppose 0*r + 12 = 4*r. What is the remainder when 33 is divided by 20 + r*(0 + -1)?
16
Let m be ((-1)/(-3))/(4/96). Let q(y) = y**2 - 8*y + 8. What is the remainder when 14 is divided by q(m)?
6
Suppose -3*g = -3*q + 222, 4*g - g - 198 = -3*q. What is the remainder when q is divided by 2/(-6) + (-146)/(-6)?
22
Suppose 9*k = 13 + 50. Calculate the remainder when 47 is divided by k.
5
Let m(a) = -a**3 + 3*a**2 - 2*a + 3. Let j be m(2). Let n = 17 - j. Calculate the remainder when ((-41)/(-2))/((-1)/(-2)) is divided by n.
13
Calculate the remainder when (-3)/(12/8*-1) is divided by 2.
0
Let c = 50 - 34. Calculate the remainder when 45 is divided by c.
13
Let t(p) = 10*p + 9. What is the remainder when t(8) is divided by 23?
20
Let u = 27 - 16. Suppose 5*c - 8 = 17. Suppose y - 5 = -2, 3*b + c*y = 33. Calculate the remainder when u is divided by b.
5
Let c be 5/(-25) - 222/(-10). Let b = c + 33. What is the remainder when b is divided by 19?
17
Suppose -4*i = -3*s - 2, -i - s = -3*s + 2. Suppose -n + 22 = i*t, -2*n + 3*n = -3*t + 35. What is the remainder when 38 is divided by t?
12
Suppose 15*q = 16*q - 114. What is the remainder when q is divided by 29?
27
Suppose j + s = -0*s + 36, 3*j + 4*s - 113 = 0. Calculate the remainder when j is divided by 16.
15
Let a = -98 - -155. What is the remainder when 111 is divided by a?
54
Let q(s) = -2*s**3 + s**2 + 2. Let g be q(2). What is the remainder when ((-1)/(-3) - 2)*-9 is divided by (24/g)/(15/(-50))?
7
Let g(p) = p**2 - 4*p - 3. Let q be g(-2). Let a be (-1 - 1) + 5 - -3. What is 